 number?
False
Is 7508341 a composite number?
False
Is 20756447 a prime number?
True
Is 5472043 prime?
False
Is 14391269 prime?
True
Is 32415857 a prime number?
True
Is 41523553 a composite number?
False
Is 3393509 prime?
False
Is 837191 a composite number?
False
Is 11007559 a prime number?
False
Is 70331763 a prime number?
False
Is 124193099 composite?
True
Is 13162411 prime?
False
Is 44121149 a prime number?
True
Is 1305805537 a composite number?
True
Is 38465902 a composite number?
True
Is 16073173 a composite number?
False
Is 68154677 composite?
True
Is 4431685 a composite number?
True
Is 40901755 a prime number?
False
Is 78936427 a composite number?
False
Is 231587273 prime?
False
Is 1284097 a prime number?
False
Is 18814331 composite?
False
Is 901289 a prime number?
False
Is 16274809 composite?
True
Is 490118459 composite?
True
Is 26031997 a prime number?
True
Is 3041581 a composite number?
False
Is 81511 a prime number?
False
Is 82001167 composite?
False
Is 8101567 a prime number?
True
Is 63195189 a prime number?
False
Is 122087417 composite?
False
Is 37410467 composite?
False
Is 15345919 prime?
True
Is 30253259 prime?
True
Is 4369649 composite?
False
Is 1540993 a composite number?
True
Is 2000483 a prime number?
False
Is 18613 a prime number?
False
Is 101934389 a prime number?
True
Is 94815551 prime?
False
Is 576649033 composite?
True
Is 4483901 a prime number?
True
Is 10154395 composite?
True
Is 40445059 prime?
False
Is 5259557 composite?
True
Is 51136445 composite?
True
Is 1202807 a prime number?
True
Is 1440449 a composite number?
False
Is 55833621 a prime number?
False
Is 32398285 prime?
False
Is 17732135 prime?
False
Is 9304634 prime?
False
Is 14029117 a prime number?
True
Is 26583191 prime?
True
Is 41743355 prime?
False
Is 4258 a composite number?
True
Is 57398189 a composite number?
False
Is 101035547 composite?
False
Is 2486051 prime?
False
Is 17673113 a prime number?
False
Is 6104533 a composite number?
False
Is 3782291 prime?
False
Is 15666151 a composite number?
True
Is 80935922 prime?
False
Is 7356317 prime?
False
Is 38313511 a prime number?
False
Is 65097139 prime?
True
Is 945289 prime?
True
Is 822649 a prime number?
False
Is 280101538 a prime number?
False
Is 100996691 prime?
False
Is 80634989 prime?
True
Is 730111 a composite number?
False
Is 779971 prime?
True
Is 24656609 prime?
True
Is 1887079 prime?
True
Is 19761671 prime?
True
Is 46668549 prime?
False
Is 12435771 composite?
True
Is 1190417 a composite number?
False
Is 141097757 a composite number?
True
Is 1424827 a prime number?
False
Is 744801 prime?
False
Is 390763789 a composite number?
True
Is 915961 prime?
True
Is 1567113 prime?
False
Is 611283 a composite number?
True
Is 23146811 a prime number?
True
Is 50462121 composite?
True
Is 8706869 prime?
True
Is 7043669 composite?
False
Is 13332439 prime?
True
Is 2492657 prime?
True
Is 701447 a prime number?
True
Is 27385489 a composite number?
True
Is 31002737 a composite number?
True
Is 4996429 a prime number?
False
Is 2391239 a prime number?
True
Is 43931803 a prime number?
True
Is 44174719 a prime number?
True
Is 84733 composite?
True
Is 15375841 composite?
True
Is 3994351 a prime number?
False
Is 30239641 a prime number?
False
Is 289637 prime?
True
Is 12918421 prime?
True
Is 3153401 a prime number?
True
Is 6006029 prime?
True
Is 8865793 composite?
True
Is 27871133 a composite number?
False
Is 119963 prime?
True
Is 20834981 a composite number?
False
Is 11123131 a composite number?
True
Is 96305381 a composite number?
False
Is 285853 a composite number?
True
Is 14243 a prime number?
True
Is 1997257 a prime number?
True
Is 10941719 prime?
True
Is 55263799 a prime number?
False
Is 2122921 composite?
False
Is 248519539 composite?
True
Is 114241771 prime?
False
Is 124351177 a prime number?
True
Is 2582311 a composite number?
False
Is 247616081 a prime number?
True
Is 1517983 a prime number?
True
Is 93241973 prime?
False
Is 1878181 composite?
False
Is 291347759 prime?
True
Is 554469 a prime number?
False
Is 35575219 prime?
True
Is 286095671 a composite number?
False
Is 2839381 a composite number?
False
Is 3457781 composite?
True
Is 241416821 composite?
False
Is 68793979 prime?
False
Is 6765247 a composite number?
True
Is 1162441 a prime number?
False
Is 3472057 a prime number?
False
Is 6272047 prime?
False
Is 29487179 a prime number?
True
Is 775963 composite?
False
Is 136691 prime?
True
Is 41923985 composite?
True
Is 83097962 prime?
False
Is 31525841 a prime number?
True
Is 3130081 a prime number?
False
Is 23666317 prime?
True
Is 3528853 a prime number?
True
Is 30515557 prime?
True
Is 30803681 a prime number?
False
Is 1959473 a prime number?
True
Is 765707 a prime number?
True
Is 11198183 a prime number?
True
Is 242923019 composite?
True
Is 18183677 prime?
True
Is 17108617 prime?
True
Is 4496533 prime?
True
Is 236111429 a prime number?
False
Is 3606657 prime?
False
Is 46561213 a prime number?
True
Is 161001707 a composite number?
True
Is 84679303 a composite number?
False
Is 107787997 a composite number?
False
Is 9090815 a composite number?
True
Is 229809863 prime?
False
Is 8984314 prime?
False
Is 61333999 a composite number?
False
Is 2840018 composite?
True
Is 17797771 composite?
True
Is 276943 composite?
True
Is 16140209 a composite number?
False
Is 17222599 composite?
True
Is 129970223 a prime number?
False
Is 11145137 prime?
True
Is 4034609 prime?
False
Is 2500807 composite?
False
Is 297216541 prime?
False
Is 335160589 a composite number?
True
Is 520661 a composite number?
True
Is 20685307 prime?
True
Is 23618107 a prime number?
False
Is 51174631 a prime number?
True
Is 65700941 composite?
False
Is 11183519 a composite number?
True
Is 282885931 composite?
False
Is 3705971 composite?
True
Is 1847827 composite?
False
Is 296669741 a composite number?
True
Is 4930309 composite?
False
Is 690136451 prime?
False
Is 3067159 a prime number?
False
Is 61343167 a composite number?
False
Is 69761669 a composite number?
False
Is 156609901 composite?
True
Is 81529339 a composite number?
True
Is 47012249 a composite number?
False
Is 3801331 a prime number?
True
Is 538621 a composite number?
False
Is 1587053 a prime number?
False
Is 13753 composite?
True
Is 148360153 prime?
False
Is 3792709 a composite number?
False
Is 36937519 prime?
True
Is 8497105 composite?
True
Is 1112747 composite?
False
Is 217541 a composite number?
True
Is 1046789 prime?
False
Is 2140009 a prime number?
False
Is 6470137 prime?
False
Is 2550467 prime?
True
Is 166239581 a prime number?
False
Is 353315 a composite number?
True
Is 1066997 composite?
True
Is 915144091 a composite number?
True
Is 376741 a composite number?
True
Is 29971339 a prime number?
True
Is 8471137 a composite number?
False
Is 129397 a prime number?
False
Is 15668063 composite?
True
Is 56250349 prime?
True
Is 3554333 composite?
False
Is 146064719 a composite number?
False
Is 112581902 prime?
False
Is 345007 a prime number?
False
Is 16158059 prime?
False
Is 3519938 prime?
False
Is 394168883 a prime number?
False
Is 5077749 a prime number?
False
Is 25955803 composite?
False
Is 4707083 composite?
False
Is 2100683 a composite number?
True
Is 260038867 a prime number?
False
Is 19633535 a prime number?
False
Is 391939 composite?
False
Is 304101521 a composite number?
False
Is 11252669 a prime number?
True
Is 110140529 a composite number?
False
Is 150257971 a composite number?
True
Is 23447183 a prime number?
True
Is 115887349 a composite number?
True
Is 12699537 a prime number?
False
Is 4798987 a composite number?
False
Is 358417 prime?
True
Is 2255177 a prime number?
False
Is 557999 composite?
True
Is 5074031 composite?
True
Is 8720935 composite?
True
Is 928753 composite?
True
Is 25073233 prime?
False
Is 46470497 a composite number?
False
Is 38993 a composite number?
False
Is 83177 a composite number?
False
Is 62113709 composite?
True
Is 12243743 a prime number?
True
Is 52506695 a prime number?
False
Is 59767993 prime?
True
Is 7734421 composite?
True
Is 2263529 a composite number?
True
Is 32636713 a prime number?
True
Is 283360453 a composite number?
True
Is 175969597 prime?
True
Is 996785705 a prime number?
False
Is 33623341 composite?
False
Is 12147649 a composite number?
True
Is 412234969 a